41
What are the prime factors of 16/120 - 6298/(-15)?
2, 3, 5, 7
Let j(u) = -u**2 + 6*u + 2. Let f = 132 - 90. Let k be f/35*(5 - 0). What are the prime factors of j(k)?
2
Let b(a) = -8*a**3 + 2*a**2 - a + 12. Let l(w) = 7*w**3 - w**2 + w - 11. Let n(m) = 6*b(m) + 7*l(m). What are the prime factors of n(-3)?
2, 5
Suppose q = 5*q. Suppose q = -3*m - 5*v + 772, 2*m + 5*v - 205 = 313. List the prime factors of m.
2, 127
Suppose 2*x = 2*o - 720, -2*x = 4*o - 1647 + 225. Let u = -135 + o. List the prime factors of u/5 + 2/(-5).
2, 11
Let l be (-88)/(-14) + 4/(-14). Suppose 0 = 3*w + 2*y - l, 0 = -4*w - 5*y - 1 + 2. Suppose -w*u - 8 = -52. List the prime factors of u.
11
Let a(q) = -392*q**2 - 70*q. Let m(o) = 17*o**2 + 3*o. Let i(u) = 6*a(u) + 140*m(u). Let s = 2 - 1. List the prime factors of i(s).
2, 7
Suppose 0*g + 10 = 2*g, -4*b - 2*g = -18. Let l = 29 + -36. Let s = b - l. What are the prime factors of s?
3
Suppose -7*d - 719 = -10*d + 2*c, 5*c = 5*d - 1195. List the prime factors of d.
241
Let d be (-1)/(-5) - (-2180)/(-25). Let t = d - -129. Suppose 0 = 2*f + 6 - t. List the prime factors of f.
2, 3
Let b = -15 - -20. Let r = -25 + b. What are the prime factors of r/(-30) + 140/6?
2, 3
Let u(q) = 0*q + 1 + 9*q - 8*q - 2. Let j = -11 + 16. What are the prime factors of u(j)?
2
Let m = 1422 + -1160. List the prime factors of m.
2, 131
Suppose 2455 = 14*p - 30179. List the prime factors of p.
3, 7, 37
Suppose -8*i - 5*w = -11*i + 5065, -4*i + 5*w = -6745. What are the prime factors of i?
2, 3, 5, 7
Let y be 0 + 3 + -6 + 11 - -1. Suppose 706 = y*j - 1634. List the prime factors of j.
2, 5, 13
Let n be (-108)/5 - (-2)/(-5). Let z be 4/n - (-228)/44. What are the prime factors of 3/z + 84/35?
3
Suppose 2*h + 25 = -3*n - 3*h, 0 = -5*n - 4*h - 20. Suppose 3*q - 115 - 125 = n. What are the prime factors of q?
2, 5
Suppose 0 = 5*t - 15 - 15. Suppose -t*r = -7*r. Suppose -5*v - 1 + 86 = r. List the prime factors of v.
17
Suppose 29862 = 3014*s - 3000*s. List the prime factors of s.
3, 79
Suppose 0 = 32*y - 73938 - 4174. What are the prime factors of y?
2441
Let s be 10/(-25)*35/(-1). Let c be (-718)/(-8) + s/56. Suppose -c + 230 = 4*n. List the prime factors of n.
5, 7
Suppose -31 - 19 = 2*g. Let q(a) = -a**3 + 8*a**2 + 4*a - 5. Let r be q(9). Let y = g - r. List the prime factors of y.
5
Let c = 2222 + 464. List the prime factors of c.
2, 17, 79
Let a = -17 - -21. What are the prime factors of -7 + a - 1 - -78?
2, 37
Suppose -3*u - 10 = 2*u. What are the prime factors of 57 + (-4 - u)*2?
53
Suppose 15984 = 33*h - 3519. List the prime factors of h.
3, 197
Suppose 22*t - 26*t - 2*n + 10180 = 0, -3*t = -4*n - 7657. List the prime factors of t.
3, 283
Let y be (-6)/15 - 88/(-20). Suppose 4*a - 329 = y*s - 3*s, 3*a - 252 = -s. What are the prime factors of a?
83
What are the prime factors of -38*(3 - (-76)/(-8)) - -2?
3, 83
Let v = 1462 - 943. What are the prime factors of v?
3, 173
Suppose -2*b = 3*b - 505. Let j = b + -70. List the prime factors of j.
31
Let q(u) = 6*u + 1 + 3*u**2 - u + 0*u. Let r be q(10). What are the prime factors of (2/(-3))/((-18)/r)?
13
Let x(a) = -182*a + 459. List the prime factors of x(-24).
3, 1609
Let k(z) = z**3 + 10*z**2 - 5*z - 10. Let s be 5*-2*3/15 - 6. List the prime factors of k(s).
2, 79
Let x = 820 - -987. What are the prime factors of x?
13, 139
Let q(t) = t**2 - 3*t - 19. Let u(a) = a**3 - 3*a**2 - 3*a + 2. Let f be u(3). What are the prime factors of q(f)?
3, 17
List the prime factors of 24*((-4312)/(-33) - -2).
2, 199
Let j(r) = -r**3 - 15*r**2 - 14*r - 2. Let o be j(-14). What are the prime factors of 22 - o*(-2 + 1)?
2, 5
Let b(l) = -64*l + 47. Let i be b(-7). Suppose -i = -2*v - v - 2*o, -2*o = 5*v - 829. List the prime factors of v.
167
Let o(v) = -v**2 + 7*v + 1. Let t(p) be the first derivative of -p**2/2 + p + 11. Let n(w) = -o(w) - 6*t(w). List the prime factors of n(5).
13
Suppose -m - t = 7, m - 4*t + 6 = 19. Let v = -3 - m. Suppose 2*d + 3*s - 11 = v, -d + s + 6 = 3*s. List the prime factors of d.
2
Let g = 326 + -4. List the prime factors of g.
2, 7, 23
Let f(a) = 3*a. Let l(c) = -3*c - 7. Let s be l(-5). Let z(w) = w. Let y(i) = s*z(i) - 3*f(i). What are the prime factors of y(-15)?
3, 5
Let o(i) = -24*i - 6. Let w(j) = j**3 + 6*j**2 + 6*j - 2. Let q be w(-5). List the prime factors of o(q).
2, 3
Suppose -3*g + 3*b = -1507 - 1073, 0 = 4*g - 3*b - 3443. List the prime factors of g.
863
Let w(d) = 765*d**2 + 2*d + 1. What are the prime factors of w(-1)?
2, 191
Let x(k) = -k**2 - k + 1. Let y(i) = -8*i + 2*i + 8 - i**3 + 2*i + 6*i**2. Let r(h) = -2*x(h) + y(h). List the prime factors of r(7).
41
Let d(u) be the second derivative of u**4/6 + 5*u**3/3 + 2*u**2 + u. Let f be d(-4). Let h = f + 37. List the prime factors of h.
3, 11
What are the prime factors of (690/(-45))/((-2)/60)?
2, 5, 23
Suppose -3*z + 1001 - 201 = -p, -z = p - 272. What are the prime factors of z?
2, 67
Let u be (-2)/4*(-1)/((-3)/(-48)). Suppose u*m = -0*m + 448. What are the prime factors of m?
2, 7
Let m be ((-9)/3)/(9/6). Let s be (-18)/m*1/3. Suppose 4*h + 4*j - 12 = 0, s*h + h - j = 7. What are the prime factors of h?
2
Suppose 3*u = -5*m + 38, 0*m = m - 5*u - 2. Suppose 5 = 3*v - 4. Let i = m - v. What are the prime factors of i?
2
Let i(h) = h**3 + 20*h**2 + 34*h + 21. List the prime factors of i(-17).
2, 5, 31
Let s(q) = -q**3 + 24*q**2 + 18*q + 35. What are the prime factors of s(24)?
467
Let n = 1 + -3. List the prime factors of (2 - 59/(-4))/(n/(-8)).
67
Let d(l) = 38*l**2 - l - 1. Let t be d(-1). Let g(x) = x**2 + 20*x + 54. Let p be g(-18). Let b = t - p. What are the prime factors of b?
2, 5
Suppose -4*k = -6*k + 5*f + 448, 3*f = -4*k + 870. List the prime factors of k.
3, 73
Let l(c) = -2*c**2 - 7 + 0*c**2 + c - 9*c - c**3 - 5*c**2. Let z be l(-6). Suppose z*j + 83 = 2*g, -j + 2*j - 82 = -3*g. List the prime factors of g.
29
What are the prime factors of 6/16 - (-118230)/240?
17, 29
Let d(m) = -60*m**2 + 3*m - 2. Let u be d(1). Let t = -22 - u. Suppose -48 - t = -5*v. List the prime factors of v.
17
Suppose -2*k + 14 = -3*d, -5*k - d = 3*d - 58. List the prime factors of 1/(-5) - (-512)/k.
3, 17
Let o = 22 + -13. Let p(g) = 10*g - 1. Let l be p(3). Let h = l - o. What are the prime factors of h?
2, 5
List the prime factors of (1200/360)/(5/3966).
2, 661
Suppose 5*j + 3 + 0 = -n, -2*j = 5*n - 8. Let b be 4 - (3 + -1 + -3). Suppose n*r - 30 = b*s, 2*s = s. List the prime factors of r.
3, 5
Let g = 4241 - 3020. What are the prime factors of g?
3, 11, 37
Let k(x) = -3*x**3 - 35*x**2 + 40*x + 6. What are the prime factors of k(-17)?
2, 5, 79
Let t(i) = i - 11. Let w be t(21). Suppose -w*v - 79 + 1039 = 0. What are the prime factors of v?
2, 3
Let h(u) = u**3 + 19*u**2 + 18*u - 17. Let c be h(-16). Suppose 5*l + c = 2*v, v + 3*l - 266 = -51. List the prime factors of v.
2, 7
Let j(a) = a**3 + 9*a**2 - a - 9. Let v be j(-9). Let u = 13 + v. Let n = 2 + u. List the prime factors of n.
3, 5
Suppose -2*x - 16*x + 9576 = 0. List the prime factors of x.
2, 7, 19
Let g = 10 - 16. What are the prime factors of (-3 - (-20)/(-6))*g?
2, 19
Suppose -3*d = -2*g - 0*g + 39, 0 = -5*g + 3*d + 84. Suppose 4*v - g = 173. What are the prime factors of v?
47
Suppose 308*w = 315*w - 154. What are the prime factors of w?
2, 11
Suppose -2*x - 1000 = -4*v, 6*v = 11*v - x - 1250. What are the prime factors of v?
2, 5
Let v(l) be the second derivative of -17*l**3/6 - 7*l**2/2 + 6*l. List the prime factors of v(-3).
2, 11
Let f be 2/(-8)*24/(-3). List the prime factors of (70/(-14))/(f/(-28)).
2, 5, 7
Let j(x) = 4*x**2 + 3*x - 1. Let d = 46 + -52. What are the prime factors of j(d)?
5
Let p = 2413 + -319. List the prime factors of p.
2, 3, 349
Let q(d) = -21*d - 290. Let z be q(-14). Let j(c) be the second derivative of -c**3/6 + 13*c**2/2 + c. List the prime factors of j(z).
3
Let w(x) = 5*x. Let r(q) be the third derivative of q**4/8 - 6*q**2. Let g(d) = -7*r(d) + 4*w(d). What are the prime factors of g(-7)?
7
Let g(y) = 27*y + 494. List the prime factors of g(0).
2, 13, 19
What are the prime factors of 3/(10*30/384700)?
3847
Let v be 0/(-2*(1 - 2)). Let b(u) = u**2 - 16*u + 53. Let j be b(4). Suppose v = -j*h - 4*y + 2 - 7, 0 = 2*h - 4*y - 26.